rue
Let i = 571 + -408. Is i composite?
False
Let u = -7 + 12. Let q(h) = 5*h + 5. Let z be q(u). Let k = 63 - z. Is k a composite number?
True
Suppose -3*y - 24 = -3. Let f be (-465)/(-6)*8/10. Let n = f + y. Is n composite?
True
Suppose 0*b - 3*b + 6 = 0. Suppose b + 10 = 3*n. Is n composite?
True
Suppose 4*q + 233 = -2*g + 75, 4*q - 2*g = -154. Is 6/q + 9093/39 a prime number?
True
Let f = 75 + -22. Is f composite?
False
Let w be (-2)/(-4)*(0 - 2). Is (1 - -78) + w*2 a prime number?
False
Suppose -4*v + 8 = 3*a, 4*v = 3*a + 6 + 2. Suppose -2*f + f = a. Suppose 2*x = -q + 79, 0 = 3*q - f*x + 4*x - 237. Is q a composite number?
False
Suppose -5 = -0*d - d. Let w be ((-10)/(-6))/5*654. Suppose -d*r = -227 - w. Is r a composite number?
False
Suppose -4*p = 4*s - 712, 3*p - 5*s - 155 - 371 = 0. Is p composite?
True
Let q(c) = 311*c + 1. Let s be q(-1). Let b = -195 - s. Suppose -2*y = 3*y - b. Is y a composite number?
False
Let o be 6 + -6*3/6. Suppose 3*u - h - 747 = 2*h, -1245 = -5*u + o*h. Is u a prime number?
False
Suppose 187*u - 373 = 186*u. Is u a composite number?
False
Suppose 4*s - 8516 = -z, 3*s + 3*z - 5484 = 903. Is s a composite number?
False
Let l = 60 - -89. Is l prime?
True
Let l be ((-15)/4)/((-2)/(-8)). Let x be 129/15 - 6/l. Suppose x = -y + 4*i, y - 12 = -i - 1. Is y a composite number?
False
Suppose 1 = 3*y - 4*y. Let g(k) = -90*k**3 - k. Is g(y) a composite number?
True
Suppose 0 = -2*o + 6, 0*o + 4*o = -2*j + 280. Is j prime?
False
Suppose 0 = -4*j + 3*j + 47. Is j composite?
False
Let m(q) = -q**2 + 8*q. Let b(z) = -z**3 - 9*z**2 - 2*z - 11. Let l be b(-9). Is m(l) prime?
True
Suppose 38*i - 14*i - 45528 = 0. Is i composite?
True
Let m(d) = 2*d + 7. Let p be m(0). Let k(u) be the third derivative of 3*u**4/8 + u**3/3 + u**2. Is k(p) a composite number?
True
Suppose 4*v - 8 = -28. Let p be 13/5 + (-2)/v. Suppose q - 45 - 134 = -4*k, 651 = 4*q + p*k. Is q composite?
True
Let l(v) = -v**2 - 20*v + 1. Is l(-14) prime?
False
Let g = -475 - -880. Suppose 0 = 4*x - 20, -5*t + 0*t + 2*x + g = 0. Is t prime?
True
Suppose 4*n - 1755 = n - t, 4*n = 4*t + 2356. Is n a composite number?
True
Is (-4779)/(-7) - 2/(-7) composite?
False
Let p(x) = x**2 + x + 2. Let h be p(0). Suppose 390 = h*r + 3*r. Suppose r = 4*f + 26. Is f a composite number?
False
Let l(g) = -g**3 - 3*g**2 + 7*g + 6. Let b be l(-4). Is 4/b*837/(-18) prime?
True
Let s(o) = -6*o**2 - 6*o + 25. Let r(l) = l**2 + l. Let i(d) = 5*r(d) + s(d). Is i(0) a prime number?
False
Let v = 443 + -284. Is v a composite number?
True
Let v(q) = -14*q + 11. Is v(-6) a prime number?
False
Let j = -336 - -631. Is j a composite number?
True
Let j be (-1355)/10 + 1/(-2). Let q = -85 - j. Is q a composite number?
True
Let n = 3785 + -2250. Is n composite?
True
Suppose 8*r - 1020 = -4*r. Is r prime?
False
Let m(f) be the second derivative of f**4/12 - f**3/3 - f**2 + 6*f. Is m(-4) composite?
True
Let z(q) = -1043*q - 13. Is z(-2) composite?
True
Suppose -4*v - 171 = 41. Let m = v - -282. Let i = m + -68. Is i composite?
True
Is 357 + 6 - -1*4 composite?
False
Let d(z) = 5*z + 16. Suppose -4*f - 38 = -3*l + f, 2*l = f + 23. Is d(l) a composite number?
False
Suppose m = -3*z + 5*z + 1038, -3*z = 2*m - 2062. Suppose -3*t + 781 = -5*d, -7*t + 3*t + 3*d = -m. Is t prime?
True
Suppose -2*v - 35 = -7. Is (-5916)/(-28) - (-4)/v a prime number?
True
Suppose -4*c + 9*c - 4*u - 2597 = 0, 2*c - 2*u - 1038 = 0. Is c composite?
False
Let l(w) = -w**3 + w**2 - w + 265. Is l(0) prime?
False
Let f(b) = -112*b + 9. Is f(-13) prime?
False
Let b(x) = 8*x**3 - x - 2. Suppose 4*d - 3 = -27. Let z = d + 9. Is b(z) prime?
True
Let z = -18 + 26. Suppose 2*s + z = -0*s. Is 105/9 + s/6 a prime number?
True
Let s(q) = -q**2 - 49*q + 7. Is s(-15) composite?
True
Let u(t) = -t**3 + 7*t**2 - 3. Let f be u(7). Let p be f*(-6)/9 - -3. Suppose -p*c + 511 = 66. Is c composite?
False
Let s(k) = 1 + 13*k + 13 + 12*k + 2. Is s(11) a composite number?
True
Let s be -28 - (1 - 3 - 1). Let v = s - -44. Let h = 40 + v. Is h a composite number?
False
Is 204 - 2*1/2 a prime number?
False
Suppose -l + 3 + 3 = 0. Let u be ((-50)/15)/(4/l). Is 743/5 - 2/u a prime number?
True
Suppose -5*b - 375 = -5*l, -3*l + 0*b + b = -233. Is (-1*l)/((-10)/10) a composite number?
False
Suppose -2*p + v = -2*v + 21, 0 = -2*p - 4*v + 14. Let i(j) = j**3 + 4*j**2 + 2*j + 1. Let u be i(p). Suppose 173 - 49 = u*b. Is b a prime number?
True
Let z(y) = -17*y - 1. Let i = -9 - -8. Let m be z(i). Let q = m + 5. Is q composite?
True
Let u(q) = q + 186. Let b be u(0). Suppose 2*c + 2*g + b = 4*c, -5*c + 425 = 5*g. Is c a composite number?
False
Let j(q) = -q**3 + 7*q**2 + 8*q - 7. Suppose 21 = -2*l + 5*l. Is j(l) prime?
False
Let q = -2 + 214. Suppose -2*r + 360 = 4*w, -3*w + 65 = 5*r - q. Is w a prime number?
True
Let x = -13 - -7. Let k(j) be the second derivative of -15*j**3/2 - 5*j**2/2 - j. Is k(x) a prime number?
False
Let o be 0 + 26 + (-2 - 0). Suppose -2*d + d = 2*y - o, -d + y = -24. Suppose 87 + d = 3*v. Is v composite?
False
Let y(u) = -2*u**3 - u**2 - 2*u + 4. Suppose 4*o = 6 - 18. Is y(o) composite?
True
Suppose 249 = 4*n - 595. Let d = 0 + n. Is d a prime number?
True
Suppose 4*i - d + 167 = 0, i = -d - 62 + 19. Let b = 79 + i. Is b a prime number?
True
Let g(j) = 4*j - 5. Suppose -k + 0*k = -5. Suppose -2*r + k = -3. Is g(r) a composite number?
False
Let k be 2/3*(-36)/(-8). Let r(f) = 1 - 6*f**3 + 9*f - 9*f**2 + 0 + 7*f**k. Is r(8) a composite number?
True
Is (-1 - -2)/(9/1017) prime?
True
Let y(u) be the third derivative of 5*u**4/12 - 8*u**3/3 - 3*u**2. Let w be y(11). Is ((-4)/2)/((-4)/w) composite?
False
Suppose 4*a + 70 = 182. Let b = 163 + a. Is b a prime number?
True
Let s be (6/5)/((-4)/10). Let k be (-9)/(-1) - s - 3. Suppose -40 + k = -d. Is d a composite number?
False
Let b(a) = a**2 - 5. Let p be b(-4). Let g = 11 - p. Suppose -4*n + g*n + 140 = 0. Is n composite?
True
Let d = 10 - 17. Let b(x) = -x**2 - 8*x + 1. Let t be b(-6). Let n = d + t. Is n prime?
False
Let z(f) = f**2 + 4*f - 3. Let g be z(-6). Suppose g = c - 3*y - 7, 2*c + y = 25. Is c a composite number?
False
Suppose 10*q - 1054 = 2736. Is q a prime number?
True
Let l(f) = -f**2 - 6*f + 1. Let m be l(-3). Suppose 2*a + 22 - m = 0. Is (-1 - 8/a)*129 a composite number?
False
Suppose -34 = -3*y - 5*s, -3*s + 0*s = 3. Let t(z) = 2*z**2 - 14*z - 7. Is t(y) a prime number?
True
Let m(j) = -14*j - 7. Suppose 1 = -2*h - 11. Is m(h) composite?
True
Suppose 5*c - 14 = -2*t, -3*c = -4*t - 0*c + 2. Let j be t/(-3) - (-33)/9. Suppose -3*z + 77 = a - 2*a, -j*z + 2*a = -79. Is z a prime number?
False
Let s(z) = 234*z - 1. Is s(1) a composite number?
False
Let g be (-6)/(-9)*-9 - -1. Let q be 2/2*(-25)/g. Let w(l) = 7*l - 4. Is w(q) prime?
True
Let k(n) = 3329*n**3 + n**2 - 1. Is k(1) composite?
False
Let v = 336 + -158. Is v a composite number?
True
Let l(r) = -4 + 4*r + 0 - 8*r**2 - 1 + 0 + 2*r**3. Is l(5) composite?
True
Let f(a) = a**3 + 3*a**2 + a - 1. Let t be f(-4). Let c = 78 + t. Suppose -d = 3*g + g - c, g - 3*d + 2 = 0. Is g a prime number?
True
Let w(t) = 7*t - 10. Let q be w(-10). Let h = -47 - q. Is h composite?
True
Is 4985/15 + (-8)/6 a composite number?
False
Let q = 1 + -8. Let p(m) = -m**3 - 7*m**2 + m + 9. Let n be p(q). Suppose n*s - 53 = s. Is s composite?
False
Suppose -3*y = -674 + 14. Suppose -2*o + y = 2*o. Is o a composite number?
True
Let z(h) = -31*h - 2. Let w be z(-8). Suppose w + 15 = 3*u. Is u a composite number?
True
Let m(y) = 2*y**2 - 16*y - 13. Is m(-13) prime?
False
Suppose -t + 3*t = 370. Let n = t - 108. Is n prime?
False
Let p = 192 + -137. Is p a composite number?
True
Let n = 765 - 1188. Let o = -158 - n. Is o prime?
False
Let m(j) = -84*j**3 + j**2 - 6*j - 9. Is m(-2) composite?
True
Is 97 + (0 - -3) + -3 a prime number?
True
Is 48 + (3 - (2 - 2)) composite?
True
Suppose -5*z + 0*z = -10. Suppose 1040 = z*k - 222. Is k a composite number?
False
Let b be 3/15 + (-3)/15. Let m be (b/1)/(4/2). Suppose l + 4 = m, -5*d + 314 - 59 = 5*l. Is d a composite number?
True
Let t(p) = -2*p. Let n be t(-5). Is 339/15 - (-4)/n a prime number?
True
Let s = -5 + 9. Suppose q = -4*a + 59, -a - 295 = -5*q - s*a. Is q composite?
False
Suppose 6*z - z - 50 =